, 236771
List the prime factors of 6541550770.
2, 5, 654155077
List the prime factors of 129167254.
2, 53, 1218559
List the prime factors of 366884560.
2, 5, 7, 173, 541
What are the prime factors of 25264965?
3, 5, 11, 19, 8059
What are the prime factors of 48532055?
5, 11, 13, 103, 659
List the prime factors of 59987714.
2, 109, 233, 1181
What are the prime factors of 2863476888?
2, 3, 4153, 28729
List the prime factors of 99355546.
2, 41, 1211653
What are the prime factors of 1100484470?
2, 5, 110048447
List the prime factors of 108410935.
5, 21682187
What are the prime factors of 57339934?
2, 28669967
What are the prime factors of 63486285?
3, 5, 83, 50993
What are the prime factors of 3155015920?
2, 5, 7, 83, 9697
What are the prime factors of 97228405?
5, 1249, 15569
List the prime factors of 2709887124.
2, 3, 7, 32260561
What are the prime factors of 1282281555?
3, 5, 9007, 9491
List the prime factors of 2354912.
2, 7, 10513
List the prime factors of 597705607.
743, 804449
What are the prime factors of 13679506?
2, 19, 359987
List the prime factors of 448574486.
2, 47, 4772069
List the prime factors of 1831580662.
2, 89, 101, 101879
List the prime factors of 1906645847.
167, 11417041
What are the prime factors of 2799845105?
5, 41, 13657781
List the prime factors of 1104414067.
257, 1009, 4259
List the prime factors of 2702406659.
107, 25256137
What are the prime factors of 60928977?
3, 523, 38833
What are the prime factors of 134876786?
2, 11, 6130763
List the prime factors of 1116485270.
2, 5, 111648527
What are the prime factors of 144569531?
53, 2727727
List the prime factors of 181805497.
17, 10694441
List the prime factors of 69937716.
2, 3, 757, 7699
List the prime factors of 602834891.
877, 687383
List the prime factors of 1907462043.
3, 13219, 16033
What are the prime factors of 890253348?
2, 3, 17, 269, 16223
What are the prime factors of 3852902323?
563, 6843521
What are the prime factors of 430306082?
2, 215153041
What are the prime factors of 2887962500?
2, 5, 463, 499
List the prime factors of 53733489.
3, 17911163
What are the prime factors of 4387682078?
2, 13, 23, 29, 503
What are the prime factors of 2172152365?
5, 151, 523, 5501
What are the prime factors of 187554710?
2, 5, 7, 17, 397
List the prime factors of 49778913.
3, 16592971
What are the prime factors of 185321919?
3, 29, 73453
What are the prime factors of 1504540329?
3, 29, 31, 557857
List the prime factors of 3320676036.
2, 3, 92241001
List the prime factors of 4767583652.
2, 13, 8123, 11287
What are the prime factors of 2235861695?
5, 447172339
What are the prime factors of 281429917?
17, 2383, 6947
What are the prime factors of 43928608?
2, 19, 72251
List the prime factors of 349246184.
2, 7, 179, 34841
What are the prime factors of 1133806880?
2, 5, 7086293
List the prime factors of 317450950.
2, 5, 487, 13037
List the prime factors of 172040378.
2, 107, 803927
List the prime factors of 720898232.
2, 37, 193, 12619
What are the prime factors of 81644523?
3, 17, 94169
What are the prime factors of 1602001721?
47, 34085143
What are the prime factors of 668356872?
2, 3, 431, 64613
List the prime factors of 116874521.
967, 120863
What are the prime factors of 3987731?
11, 362521
What are the prime factors of 17053568?
2, 7, 2719
What are the prime factors of 904976802?
2, 3, 19, 53, 49927
What are the prime factors of 2426326251?
3, 1429, 565973
What are the prime factors of 71127372?
2, 3, 29, 313, 653
List the prime factors of 811881457.
19, 4423, 9661
What are the prime factors of 305268876?
2, 3, 11, 770881
What are the prime factors of 92512905?
3, 5, 61, 101107
List the prime factors of 39820427.
563, 70729
List the prime factors of 459262443.
3, 41, 163, 22907
What are the prime factors of 17594162?
2, 8797081
List the prime factors of 130363745.
5, 43, 59, 239
List the prime factors of 5502604418.
2, 2957, 930437
What are the prime factors of 188934492?
2, 3, 15744541
What are the prime factors of 32625135?
3, 5, 41, 17683
List the prime factors of 983871501.
3, 61, 709, 7583
What are the prime factors of 2607558558?
2, 3, 11, 613, 64451
List the prime factors of 43881973.
43, 47, 21713
What are the prime factors of 301231436?
2, 11, 53, 11743
List the prime factors of 28223491.
3719, 7589
What are the prime factors of 8043060560?
2, 5, 43, 67, 34897
What are the prime factors of 34304149?
11, 83, 37573
What are the prime factors of 171510784?
2, 167491
What are the prime factors of 122795098?
2, 541, 113489
What are the prime factors of 41233203?
3, 11, 416497
List the prime factors of 2481876345.
3, 5, 13, 167, 76213
What are the prime factors of 3161442042?
2, 3, 11, 97, 54869
List the prime factors of 787744207.
6271, 125617
List the prime factors of 1774641379.
7, 71, 510101
What are the prime factors of 233959348?
2, 7, 8355691
What are the prime factors of 1337554136?
2, 2053, 81439
List the prime factors of 79086335.
5, 29, 41, 53, 251
List the prime factors of 675023434.
2, 5839, 57803
What are the prime factors of 4111205746?
2, 277, 1087, 6827
What are the prime factors of 1061603122?
2, 31, 101, 169531
List the prime factors of 1252612311.
3, 12527, 33331
List the prime factors of 399572326.
2, 61, 971, 3373
What are the prime factors of 1177713903?
3, 977, 401813
What are the prime factors of 259407179?
23, 73, 154501
What are the prime factors of 253844593?
769, 330097
What are the prime factors of 77836312?
2, 19, 67, 7643
What are the prime factors of 29788872?
2, 3, 1241203
What are the prime factors of 379795043?
31, 12251453
What are the prime factors of 2930292432?
2, 3, 20349253
What are the prime factors of 36186209?
491, 73699
What are the prime factors of 2013761132?
2, 19, 191, 138727
List the prime factors of 77738258.
2, 13, 37, 80809
List the prime factors of 255000019.
43, 5930233
What are the prime factors of 9125276318?
2, 67, 1583, 43019
What are the prime factors of 198103923?
3, 41, 536867
List the prime factors of 140528138.
2, 70264069
What are the prime factors of 396441255?
3, 5, 7, 593, 6367
List the prime factors of 146038612.
2, 36509653
List the prime factors of 92634633.
3, 7, 13, 19, 5953
What are the prime factors of 45247583?
3697, 12239
What are the prime factors of 16031506?
2, 23, 149, 2339
List the prime factors of 40589523.
3, 13, 17, 20407
List the prime factors of 65079620.
2, 5, 3253981
What are the prime factors of 72103346?
2, 7, 43, 119773
List the prime factors of 24931297.
24931297
What are the prime factors of 665224304?
2, 41576519
List the prime factors of 1530374179.
31, 49366909
What are the prime factors of 199001290?
2, 5, 23, 41, 47, 449
What are the prime factors of 25542130?
2, 5, 1193, 2141
List the prime factors of 40671649.
79, 514831
What are the prime factors of 678168596?
2, 7, 19, 29, 113, 389
What are the prime factors of 3004633143?
3, 101, 10909
List the prime factors of 1920085816.
2, 11, 23, 948659
List the prime factors of 66709696.
2, 523, 1993
List the prime factors of 379585247.
379585247
What are the prime factors of 2410464654?
2, 3, 13, 47, 61, 3593
What are the prime factors of 15904436?
2, 103, 38603
What are the prime factors of 6512929185?
3, 5, 7, 29, 941, 2273
What are the prime factors of 328201387?
53, 883, 7013
What are the prime factors of 241539046?
2, 7, 4049, 4261
What are the prime factors of 178202312?
2, 67, 332467
What are the prime factors of 154848391?
59, 2624549
What are the prime factors of 1087565038?
2, 7, 17, 67, 241, 283
List the prime factors of 942544965.
3, 5, 62836331
What are the prime factors of 6135310?
2, 5, 359, 1709
What are the prime factors of 40928506?
2, 313, 65381
List the prime factors of 300632265.
3, 5, 31, 215507
List the prime factors of 19099736.
2, 2387467
What are the prime factors of 5290071?
3, 89, 19813
What are the prime factors of 543498607?
543498607
List the prime factors of 18358854.
2, 3, 281, 10889
What are the prime factors of 864209135?
5, 29, 89, 167, 401
What are the prime factors of 4348774671?
3, 27779, 52183
List the prime factors of 685044111.
3, 229, 997153
List the prime factors of 83629144.
2, 311, 33613
What are the prime factors of 135462106?
2, 13, 37, 140813
List the prime factors of 99